nd 1702?
37
Calculate the greatest common factor of 724789 and 4953.
1651
Calculate the greatest common factor of 60 and 18340.
20
Calculate the highest common divisor of 2464 and 63.
7
Calculate the greatest common factor of 308 and 11792.
44
What is the highest common divisor of 588552 and 48?
24
Calculate the greatest common factor of 4558 and 19133.
53
Calculate the highest common factor of 123026 and 274.
274
What is the highest common divisor of 14935 and 638?
29
What is the greatest common divisor of 12 and 438?
6
Calculate the highest common factor of 8916 and 372.
12
Calculate the greatest common divisor of 5856 and 16332.
12
Calculate the greatest common factor of 1573 and 5280.
11
What is the greatest common divisor of 58156 and 56?
28
What is the highest common divisor of 18023 and 268?
67
Calculate the highest common factor of 632 and 192.
8
Calculate the greatest common divisor of 783139 and 4046.
119
What is the highest common divisor of 1574112 and 2736?
912
Calculate the greatest common factor of 141870 and 30.
30
What is the highest common factor of 48351 and 85125?
681
What is the highest common divisor of 1368 and 348?
12
Calculate the greatest common factor of 354700 and 100.
100
Calculate the highest common divisor of 933088 and 2912.
416
Calculate the highest common factor of 22720 and 360.
40
Calculate the greatest common divisor of 55957 and 77.
11
What is the greatest common divisor of 28358 and 33?
11
What is the greatest common factor of 294 and 185514?
294
Calculate the greatest common factor of 70 and 9326870.
70
What is the greatest common factor of 24624 and 1136?
16
What is the highest common divisor of 46 and 900542?
46
Calculate the highest common divisor of 127 and 5.
1
What is the highest common divisor of 10536 and 444?
12
Calculate the highest common factor of 180 and 475960.
20
What is the highest common factor of 60835 and 22747?
529
What is the highest common divisor of 7 and 8141?
7
What is the highest common divisor of 479700 and 12?
12
Calculate the highest common divisor of 690 and 330.
30
What is the highest common factor of 3894516 and 24?
12
What is the greatest common factor of 144 and 24357456?
144
What is the greatest common divisor of 2443 and 38041?
349
What is the highest common factor of 146123 and 47?
47
What is the highest common factor of 1772643 and 137?
137
Calculate the greatest common divisor of 470 and 41454.
94
What is the highest common divisor of 8224 and 38807?
257
What is the greatest common divisor of 20904 and 351?
39
What is the highest common factor of 1001 and 923?
13
Calculate the greatest common factor of 55 and 64328.
11
Calculate the greatest common factor of 3036 and 42526.
22
Calculate the highest common divisor of 9720 and 5220.
180
Calculate the highest common divisor of 17527 and 595.
17
What is the greatest common divisor of 299637 and 468?
117
Calculate the greatest common divisor of 40 and 16190.
10
What is the greatest common divisor of 243992 and 42?
14
What is the highest common divisor of 75060 and 417?
417
Calculate the greatest common divisor of 3503 and 217.
31
What is the highest common divisor of 949191 and 123?
123
What is the greatest common factor of 241310 and 30?
10
Calculate the highest common divisor of 30916 and 236.
236
What is the greatest common factor of 150 and 615?
15
Calculate the greatest common factor of 68104 and 24.
8
Calculate the highest common factor of 1855202 and 4208.
526
What is the greatest common factor of 9500 and 285?
95
Calculate the highest common factor of 1138116 and 2380.
476
What is the greatest common factor of 121 and 167189?
11
Calculate the highest common factor of 3951 and 11673.
9
What is the highest common divisor of 1600 and 83600?
400
What is the highest common divisor of 17169 and 18?
3
What is the greatest common divisor of 37880 and 384?
8
Calculate the greatest common factor of 1311 and 99613.
23
Calculate the highest common factor of 40631 and 24775.
991
Calculate the greatest common factor of 185 and 1865.
5
Calculate the highest common factor of 494004 and 12.
12
What is the highest common factor of 9231 and 7497?
51
What is the greatest common divisor of 20 and 156355?
5
What is the highest common divisor of 6541486 and 1358?
1358
What is the greatest common factor of 28 and 868?
28
Calculate the highest common divisor of 26215 and 87740.
535
What is the greatest common factor of 34354 and 534?
178
What is the greatest common divisor of 173927 and 663?
221
Calculate the highest common divisor of 496876 and 51.
17
What is the highest common divisor of 262096 and 60?
4
What is the greatest common factor of 226038 and 808?
202
Calculate the greatest common divisor of 28575 and 175.
25
Calculate the greatest common divisor of 102 and 100521.
51
What is the highest common divisor of 284 and 16827?
71
Calculate the highest common divisor of 6027 and 10619.
287
Calculate the greatest common factor of 2 and 1619.
1
Calculate the greatest common factor of 1963588 and 484.
484
What is the highest common factor of 150 and 10160?
10
What is the highest common factor of 444 and 381396?
444
What is the greatest common factor of 9588 and 32007?
141
Calculate the greatest common factor of 2438280 and 312.
312
What is the greatest common divisor of 2292 and 864?
12
What is the highest common divisor of 120 and 1556580?
60
Calculate the highest common divisor of 8296 and 452200.
136
What is the highest common divisor of 1217 and 3153247?
1217
Calculate the highest common divisor of 128 and 115936.
32
Calculate the greatest common divisor of 3480 and 570.
30
What is the highest common divisor of 131453 and 4984?
623
What is the highest common factor of 1370 and 250?
10
What is the greatest common factor of 903 and 16469?
43
Calculate the greatest common divisor of 27944 and 112.
56
Calculate the highest common divisor of 40204 and 475456.
1748
What is the highest common factor of 380031 and 393?
393
Calculate the highest common factor of 341 and 6677.
11
Calculate the greatest common divisor of 280171 and 503.
503
Calculate the greatest common factor of 208802 and 704.
22
Calculate the highest common factor of 1129685 and 1515.
505
What is the greatest common factor of 611271 and 621?
207
Calculate the greatest common divisor of 106350 and 300.
150
What is the greatest common divisor of 3486 and 50298?
498
What is the greatest common divisor of 7809 and 4845?
57
What is the greatest common factor of 1561 and 30551?
223
Calculate the highest common divisor of 128 and 20816.
16
What is the greatest common factor of 30 and 790905?
15
Calculate the greatest common divisor of 2316060 and 1080.
540
What is the greatest common divisor of 755 and 619855?
755
Calculate the greatest common divisor of 3300 and 6180.
60
What is the greatest common divisor of 74312 and 7?
7
Calculate the greatest common factor of 61300 and 175.
25
Calculate the greatest common factor of 1020084 and 3042.
1014
Calculate the greatest common factor of 46775 and 650.
25
Calculate the greatest common divisor of 484 and 9559.
121
Calculate the highest common factor of 3689 and 107933.
119
What is the greatest common factor of 45421 and 106?
53
What is the highest common factor of 3 and 153891?
3
Calculate the highest common divisor of 880 and 42570.
110
Calculate the greatest common divisor of 62 and 14407002.
62
What is the highest common divisor of 24 and 9?
3
What is the greatest common divisor of 9476142 and 156?
78
What is the highest common factor of 152680 and 440?
440
What is the greatest common factor of 477101 and 163?
163
Calculate the greatest common factor of 3585 and 8604.
717
What is the highest common divisor of 30 and 39129?
3
What is the highest common factor of 1824 and 21489?
57
Calculate the greatest common factor of 8878 and 874.
46
Calculate the highest common factor of 3 and 11892.
3
Calculate the highest common divisor of 425 and 56225.
25
What is the highest common factor of 52 and 2041?
13
What is the highest common divisor of 52 and 12015484?
52
What is the greatest common factor of 2021 and 1927?
47
What is the highest common divisor of 399 and 525749?
133
What is the greatest common factor of 114 and 2220986?
38
Calcu